k and 2.
1
Let p be (-3 - -2 - 0)*-4. Suppose -p*f = 5*b - 3*f + 44, 3*f = -12. Let t be 3/(-12) + (-442)/b. Calculate the greatest common factor of t and 5.
5
Let a = 5 + -3. Suppose -a*r = r - 3*y + 3, 3 = y. Calculate the greatest common factor of r and 18.
2
Let v be ((4/(-6))/(4/(-36)))/1. What is the highest common divisor of 8 and v?
2
Let c = -1 - 1. Let q be (22/(-4) + -2)*c. Suppose -135 = -h - 0*h. What is the highest common divisor of q and h?
15
Let f be 0/(4*1/2). Let l be (-4)/(-1)*(30 + f). Let t = -21 + l. Calculate the highest common divisor of t and 9.
9
Suppose -6*s - 35 = s. Let b(q) = 5*q - 5*q + 7 - q. Let r be b(s). What is the greatest common factor of 36 and r?
12
Let f be 2/(-9) + 2296/(-36). Let u be 3 - (6/3 + f). Let s be ((-2)/(-2))/1 - -25. Calculate the highest common factor of s and u.
13
Let w(v) = v**3 + 13*v**2 - 15*v - 3. Let z be w(-14). Suppose 3*h - 14 - 4 = 0. Let x = h + 5. What is the greatest common divisor of z and x?
11
Let u(r) = r. Let f be u(6). What is the highest common factor of 24 and f?
6
Suppose 63 = 4*a - 13. Suppose j = -32 - 32. Let z = j - -102. What is the greatest common factor of a and z?
19
Let u be (-118)/(-6) - 6*(-3)/(-27). Calculate the highest common divisor of u and 19.
19
Let n(i) = -5*i - 1. Let w be n(-5). Calculate the greatest common factor of w and 3.
3
Suppose -141 = -4*y + z, -3*y + 2*z = -0*z - 107. Calculate the greatest common divisor of y and 14.
7
Let y = 35 + -3. Suppose 4*s = -y + 212. Suppose -4*n + s = n. What is the greatest common factor of n and 27?
9
Let a(y) = 2*y + 14. Let z(p) = -3*p**2 + 2*p + 2. Let i be z(2). Let m be a(i). What is the highest common factor of 2 and m?
2
Suppose 3*b - 5*b + 144 = 0. Let i = -109 + 117. Calculate the highest common divisor of b and i.
8
Suppose 0 = -j - 0*j + 1. Let h be (-34)/(-10) - 2/5. Let v = h + j. What is the highest common factor of 12 and v?
4
Let t = 17 + -13. What is the greatest common factor of 16 and t?
4
Let v be ((-68)/(-20) + -3)*40. Let q = v + -12. Suppose 2*c - 67 - 6 = -z, 5*c - 2*z - 178 = 0. Calculate the highest common divisor of c and q.
4
Let o(w) = w - 4. Let n be (1/2)/((-2)/(-20)). Let r be o(n). Calculate the highest common divisor of r and 7.
1
Let g = -14 - -20. Let v be 1 + (3 - -4*g). Calculate the highest common divisor of v and 7.
7
Suppose -5*t + 3*x = -486, -x - 4*x = 4*t - 374. What is the highest common divisor of t and 12?
12
Let x be (-1 + -1)*(-6 - -2). Let o(r) = 3*r**2 - 2*r - 3. Let h be o(3). Let p be (-8)/((-2)/(h - 0)). What is the greatest common factor of x and p?
8
Let a be 4/(-26) - 6896/(-208). What is the greatest common divisor of a and 165?
33
Suppose 5*l + 36 = 6*l. Suppose -24 = -j + l. Calculate the greatest common divisor of 24 and j.
12
Let l(r) be the first derivative of -4*r**4 + r**3/3 - r**2 - r + 3. Let n be l(-2). Calculate the greatest common divisor of 27 and n.
27
Suppose -2*i + 3*p + 2 = 0, 4*i + 3*p = 7*p + 8. Calculate the greatest common divisor of i and 4.
4
Suppose 5*n = 22 + 8. Let d = -4 + n. Suppose -d*c = -c - 14. Calculate the highest common factor of c and 42.
14
Suppose 25 = -5*k, 7*k = v + 4*k - 114. What is the greatest common factor of v and 11?
11
Let j be (-6 - 0)/((-4)/70). What is the highest common divisor of j and 42?
21
Let g = -161 + 178. Suppose y - 683 = -4*t, t - y - 185 = -6*y. What is the greatest common factor of g and t?
17
Let a = 88 - 53. What is the greatest common factor of 5 and a?
5
Let r be 13 + (-3 - -2 - (-3 + -1)). Let q(i) = -5*i - i**2 - 2 - 1 + 7. Let s be q(-5). What is the greatest common divisor of s and r?
4
Suppose 0 = 4*q - 6*q + 132. Let o = 210 - q. Let d be o*(-3)/(-18)*3. What is the highest common factor of d and 9?
9
Suppose -5*s = -3*s. Suppose 5*a - 10 = 5*c, -a + 4*c + 0*c + 2 = s. Suppose -4*b + 50 + 22 = 0. What is the greatest common factor of a and b?
2
Suppose 5*w - 28 = -103. Let f = w + 26. Suppose -4*y + 70 = -g + f, -2*y + 4*g = -26. What is the greatest common factor of 45 and y?
15
Suppose -161 = -4*z + r + 44, -4*z = -3*r - 199. What is the greatest common factor of z and 65?
13
Let r be (40/(-3) + -2)*-12. Suppose 4*x - 4 - 54 = -2*z, -83 = -4*z + 3*x. Calculate the highest common factor of r and z.
23
Let r(c) = 2*c**2 - 8*c - 6. Let j be r(8). Suppose -4*n - 11 + j = v, 2*n - 2*v = 16. What is the highest common factor of n and 77?
11
Let u = -21 - -53. Calculate the highest common factor of u and 4.
4
Let d(n) be the second derivative of n**5/20 + n**4/12 - n**3/3 - n**2/2 - n. Let q be d(-1). Calculate the highest common divisor of 4 and q.
1
Let p(i) = -i**2 + 2*i**3 + 4*i - 6 - 4*i**2 + 3*i - i**3. Let c be p(4). Suppose 9 = 3*m + c. What is the greatest common factor of 2 and m?
1
Let r(a) = -a**2 - 9*a + 9. Let c be r(-7). What is the greatest common divisor of c and 184?
23
Suppose 3*d = 3*j - 93, 0 = j + 4*d - 3*d - 29. Calculate the highest common divisor of 15 and j.
15
Suppose 28 = o + 22. What is the highest common factor of 6 and o?
6
Let k be (2 - 5)*5/(-3). Calculate the highest common divisor of k and 160.
5
Suppose -3*k + 36 = -6*h + 2*h, 3*h = -5*k + 60. Let w be (k/10)/((-4)/(-90)). What is the greatest common factor of 27 and w?
27
Suppose 3*u - 43 = -31. What is the greatest common factor of 14 and u?
2
Let l be 2 + -1 + (-1)/1. Let w(o) = -o**2 - o. Let z be w(l). Suppose -5*c = 3*q - 32, 2*c - 5 - 3 = z. What is the greatest common divisor of q and 4?
4
Let q = -3 - -17. Suppose 3 = 3*x - 3. Calculate the greatest common divisor of x and q.
2
Let y(r) = 21*r - 1. Let a be y(6). Let p = 197 - a. What is the highest common divisor of 8 and p?
8
Let i be (16/6)/((-2)/(-3)). Let h be (-2 + 6)/((-2)/4). Let q be (h/20)/(2/(-20)). What is the highest common factor of q and i?
4
Let m be 2/4*6 - (2 + -2). Calculate the highest common factor of m and 3.
3
Suppose -6*y = 8*y - 4466. What is the highest common divisor of 29 and y?
29
Suppose 0*g - 4*g = 12. Let y be 62 + -2 - 3 - g. Suppose -2*r = j - 95, y = r - 0*r + 3*j. What is the greatest common divisor of r and 18?
9
Suppose 4*a + 2 = -r, 2*a - 3*r - 6 = -0*r. Let v(t) = -2 + a - 6*t + 0*t. Let b be v(-2). Calculate the highest common divisor of b and 50.
10
Let t be (14/(-28))/(2/(-936)). Calculate the highest common factor of t and 26.
26
Let f(d) = 3*d**2 + 15*d + 48. Let m be f(-8). Let x = -15 - -30. What is the highest common factor of x and m?
15
Suppose -25*w + 21*w = -28. Let d be 4/(-10) + (-54)/(-10). Suppose d*j - 56 = 4*j. Calculate the highest common factor of j and w.
7
Let j = -284 + 471. What is the greatest common divisor of 17 and j?
17
Let s be (8/5 - 2)*5. Let q be (-2)/s*(-4 + -1). Let h(w) = -4*w - 6. Let a be h(q). Calculate the highest common factor of 14 and a.
14
Let x(h) = 3*h + 8. Let k be x(13). Let s = -51 + 24. Let f = s + k. Calculate the highest common divisor of f and 20.
20
Let v be 3/(35/(-20) - -2). Calculate the greatest common factor of v and 6.
6
Suppose 6*b + n = 2*b + 19, -2*b - n = -9. Calculate the greatest common divisor of 45 and b.
5
Suppose 5*d = -u + 1685, 0 = -2*d + 4*u + 658 - 6. What is the highest common divisor of 48 and d?
48
Suppose -5*t + 58 = 8. Calculate the greatest common divisor of 5 and t.
5
Let b = 7 - 5. Suppose 4*n + 0*u - 2*u + b = 0, -5*n = u - 8. Let r be 4/(n - (-3)/3). Calculate the greatest common factor of r and 16.
2
Suppose -5*j + 555 = -2*j. Suppose o - 3*k - 55 = 0, -4*o + 5*k + j = -0*k. Calculate the greatest common factor of o and 100.
20
Let j be (-2)/(-5) + (-1104)/(-40). Calculate the greatest common divisor of 252 and j.
28
Let n be 45*((-6)/(-9) + 0). Suppose -4*x = -5*o + 30, o - 2*x - n = -3*o. Calculate the highest common divisor of 5 and o.
5
Suppose -r + 60 = 2*r. Suppose 2*i - 4*k = 12, 0*i + 4*i - 5*k - 36 = 0. Suppose 0 = 5*t, -x = -5*t - i - 6. Calculate the greatest common divisor of r and x.
20
Let f(v) = 2*v - 7. Let w be f(9). What is the greatest common factor of 33 and w?
11
Let b(n) = 6*n**2 + n - 1. Let r = -1 + 2. Let d be b(r). What is the greatest common factor of d and 48?
6
Let f = 11 - 15. Let b(n) = n**3 + 2*n**2 + n + 2. Let y be b(f). Let t = 48 + y. Calculate the highest common divisor of